{"id":50,"date":"2023-10-11T20:56:08","date_gmt":"2023-10-11T18:56:08","guid":{"rendered":"https:\/\/sarahamirault.fr\/?page_id=50"},"modified":"2023-10-11T20:56:08","modified_gmt":"2023-10-11T18:56:08","slug":"au-coeur-de-votre-maternite","status":"publish","type":"page","link":"https:\/\/sarahamirault.fr\/index.php\/au-coeur-de-votre-maternite\/","title":{"rendered":"Au c\u0153ur de votre maternit\u00e9"},"content":{"rendered":"\n<p>La maternit\u00e9&#8230;quel chemin ! une v\u00e9ritable exploration !<\/p>\n\n\n\n<p><\/p>\n\n\n\n<p><\/p>\n\n\n\n<p><strong>Pour qui ?<\/strong><\/p>\n\n\n\n<ul class=\"wp-block-list\">\n<li>Vous avez des difficult\u00e9s \u00e0 tomber enceinte naturellement ou dans le cadre d&#8217;une PMA ?<\/li>\n<\/ul>\n\n\n\n<ul class=\"wp-block-list\">\n<li>Vous souhaitez concevoir un b\u00e9b\u00e9 apr\u00e8s avoir v\u00e9cu une interruption spontan\u00e9e de grossesse (appel\u00e9e &#8220;fausse couche&#8221;), une interruption volontaire de grossesse (IVG) ou une interruption m\u00e9dicale de grossesse (IMG), une grossesse extra-ut\u00e9rine ou une grossesse non \u00e9volutive (appel\u00e9 aussi &#8220;\u0153uf clair&#8221;) ?  Vous ressentez que cette exp\u00e9rience a laiss\u00e9 des traces que vous souhaitez explorer avant d&#8217;accueillir un nouveau b\u00e9b\u00e9 au creux de votre ventre ?<\/li>\n<\/ul>\n\n\n\n<ul class=\"wp-block-list\">\n<li>Vous traversez le deuil d&#8217;un b\u00e9b\u00e9 dont la grossesse n&#8217;a pas abouti (ISG, IVG, IMG, \u0153uf clair,&#8230;) ou le deuil de votre b\u00e9b\u00e9\/enfant ?<\/li>\n<\/ul>\n\n\n\n<ul class=\"wp-block-list\">\n<li>Vous \u00eates enceinte et des angoisses surviennent ou refont surface ?<\/li>\n<\/ul>\n\n\n\n<ul class=\"wp-block-list\">\n<li>Vous venez d&#8217;accueillir votre b\u00e9b\u00e9 et vous vous sentez submerg\u00e9e ?<\/li>\n<\/ul>\n\n\n\n<ul class=\"wp-block-list\">\n<li>Vous avez des enfants et vous vous sentez d\u00e9pass\u00e9e ?<\/li>\n<\/ul>\n\n\n\n<p><\/p>\n\n\n\n<p><strong>Ce que je propose <\/strong>:<\/p>\n\n\n\n<p>Que vous soyez en qu\u00eate de votre maternit\u00e9, en d\u00e9sir profond d&#8217;avoir un enfant, en route vers l&#8217;accueil de votre b\u00e9b\u00e9, ou traversant le chemin de la maternit\u00e9 jalonn\u00e9 de grandes joies mais aussi de doutes ou de difficult\u00e9s, je vous propose un accompagnement global sous forme de forfait de plusieurs s\u00e9ances.<\/p>\n\n\n\n<p>Ce format de s\u00e9ances permet d\u2019explorer en profondeur votre probl\u00e9matique sp\u00e9cifique et vous permet d\u2019\u00eatre accompagn\u00e9e dans votre \u00e9volution.<\/p>\n\n\n\n<p>Chaque cas \u00e9tant unique, nous pourrons moduler le forfait en fonction du besoin. Pendant toute la dur\u00e9e du forfait, je vous propose un accompagnement o\u00f9 je reste joignable au-del\u00e0 des s\u00e9ances afin de vous soutenir dans votre cheminement. Entre chaque s\u00e9ance, nous fixerons des objectifs avec des routines \u00e0 mettre en place afin de soutenir votre transformation.<\/p>\n\n\n\n<p><\/p>\n\n\n\n<p><\/p>\n\n\n\n<p><strong>Mon offre autour de la maternit\u00e9 :<\/strong><\/p>\n\n\n\n<p>Un appel d\u00e9couverte de 20 minutes est offert pour discuter ensemble des outils et de l&#8217;accompagnement le plus adapt\u00e9 \u00e0 votre situation. Cela vous permettra aussi de ressentir si vous souhaitez vous lancer dans cet accompagnement avec moi. La relation de confiance est INDISPENSABLE pour vous permettre d&#8217;entamer un processus d&#8217;\u00e9volution vers votre d\u00e9ploiement.<\/p>\n\n\n\n<p><\/p>\n\n\n\n<p>Forfait <strong>Le d\u00e9sir d&#8217;un b\u00e9b\u00e9<\/strong><\/p>\n\n\n\n<p>3 soins \u00e9nerg\u00e9tiques + 1 s\u00e9ance de ma\u00efeusth\u00e9sie<\/p>\n\n\n\n<p><em>Dans le cas d&#8217;un couple h\u00e9t\u00e9rosexuel, le d\u00e9sir d&#8217;un enfant n&#8217;est pas la seule affaire de la femme ! Selon les situations, nous pourrons envisager un travail avec le papa en parall\u00e8le.<\/em><\/p>\n\n\n\n<p><\/p>\n\n\n\n<p>Forfait <strong>Accompagnement au deuil p\u00e9rinatal<\/strong><\/p>\n\n\n\n<p>3 s\u00e9ances en soin \u00e9nerg\u00e9tique + 1 s\u00e9ances de ma\u00efeusth\u00e9sie + 1 s\u00e9ance IMAGO pour le couple<\/p>\n\n\n\n<p><\/p>\n\n\n\n<p>Forfait <strong>Prendre soin de soi pendant la grossesse<\/strong><\/p>\n\n\n\n<p>3 s\u00e9ances en soin \u00e9nerg\u00e9tique + 2 s\u00e9ances de ma\u00efeusth\u00e9sie (dans l&#8217;ordre d\u00e9fini ensemble)<\/p>\n\n\n\n<p><\/p>\n\n\n\n<p>Forfait <strong>Soutien de la maman \u00e9puis\u00e9e ou isol\u00e9e <\/strong><\/p>\n\n\n\n<p>3 s\u00e9ances de soin \u00e9nerg\u00e9tique d\u00e9di\u00e9es \u00e0 la maman + 2 s\u00e9ances de <em>Raconte-moi mon Histoire\u00a9<\/em> pour lib\u00e9rer les \u00e9motions de votre b\u00e9b\u00e9&#8230;mais pas que !<\/p>\n\n\n\n<p><\/p>\n\n\n\n<p>En plus des outils utilis\u00e9s en s\u00e9ance, je mets \u00e0 votre service toute mon exp\u00e9rience, mon expertise et diff\u00e9rentes formations compl\u00e9mentaires (notamment ma formation aupr\u00e8s de naturopathes sp\u00e9cialis\u00e9es en p\u00e9rinatalit\u00e9 holistique avec Lola Marin-Blondel et Cyrielle Jehanneuf). Nous \u00e9tablirons ensemble un plan avec des objectifs entre chaque s\u00e9ance pour vous soutenir dans votre avanc\u00e9e.<\/p>\n","protected":false},"excerpt":{"rendered":"<p>La maternit\u00e9&#8230;quel chemin ! une v\u00e9ritable exploration ! Pour qui ? Ce que je propose : Que vous soyez en qu\u00eate de votre maternit\u00e9, en d\u00e9sir profond d&#8217;avoir un enfant, en route vers l&#8217;accueil de votre b\u00e9b\u00e9, ou traversant le chemin de la maternit\u00e9 jalonn\u00e9 de grandes joies mais aussi de doutes ou de difficult\u00e9s, [&hellip;]<\/p>\n","protected":false},"author":1,"featured_media":0,"parent":0,"menu_order":0,"comment_status":"closed","ping_status":"closed","template":"","meta":{"footnotes":""},"class_list":["post-50","page","type-page","status-publish","hentry"],"_links":{"self":[{"href":"https:\/\/sarahamirault.fr\/index.php\/wp-json\/wp\/v2\/pages\/50","targetHints":{"allow":["GET"]}}],"collection":[{"href":"https:\/\/sarahamirault.fr\/index.php\/wp-json\/wp\/v2\/pages"}],"about":[{"href":"https:\/\/sarahamirault.fr\/index.php\/wp-json\/wp\/v2\/types\/page"}],"author":[{"embeddable":true,"href":"https:\/\/sarahamirault.fr\/index.php\/wp-json\/wp\/v2\/users\/1"}],"replies":[{"embeddable":true,"href":"https:\/\/sarahamirault.fr\/index.php\/wp-json\/wp\/v2\/comments?post=50"}],"version-history":[{"count":1,"href":"https:\/\/sarahamirault.fr\/index.php\/wp-json\/wp\/v2\/pages\/50\/revisions"}],"predecessor-version":[{"id":51,"href":"https:\/\/sarahamirault.fr\/index.php\/wp-json\/wp\/v2\/pages\/50\/revisions\/51"}],"wp:attachment":[{"href":"https:\/\/sarahamirault.fr\/index.php\/wp-json\/wp\/v2\/media?parent=50"}],"curies":[{"name":"wp","href":"https:\/\/api.w.org\/{rel}","templated":true}]}}